 33869632207 composite?
False
Is 14403023047 prime?
False
Is 1430939171 prime?
True
Is 36295334093 composite?
False
Is 31359295903 a composite number?
True
Is 5276318701 a prime number?
False
Is 1160915401 a composite number?
True
Is 562343917 a composite number?
False
Is 10996163029 prime?
False
Is 2811101729 a composite number?
False
Is 4031875889 a composite number?
True
Is 29668078607 a prime number?
True
Is 19750580011 prime?
True
Is 273405257 a prime number?
False
Is 3008890231 a prime number?
False
Is 10088756098 composite?
True
Is 10506148111 a prime number?
False
Is 1752927419 a composite number?
True
Is 892619489 a prime number?
False
Is 9507403439 prime?
True
Is 14126480989 a composite number?
False
Is 13511906609 a prime number?
False
Is 1179960101 composite?
True
Is 15520256261 a prime number?
True
Is 108432415271 a prime number?
False
Is 682159045 a prime number?
False
Is 2533712431 a composite number?
True
Is 528706823 a prime number?
False
Is 300992543 a prime number?
False
Is 63689978119 a composite number?
False
Is 17104886197 prime?
False
Is 6213951295 composite?
True
Is 1460158397 prime?
False
Is 770637641 a prime number?
True
Is 2634477809 a prime number?
False
Is 2398505 composite?
True
Is 20019551309 prime?
False
Is 256537817 a prime number?
True
Is 2576424841 a composite number?
True
Is 492886441 composite?
True
Is 9394754503 prime?
True
Is 7308699583 composite?
False
Is 1084586509 prime?
True
Is 17880357921 composite?
True
Is 62989667005 a prime number?
False
Is 6626005303 a composite number?
True
Is 258883902617 composite?
True
Is 365052353 composite?
False
Is 8536146569 prime?
False
Is 239478053 composite?
False
Is 2763546361 prime?
True
Is 28363556647 composite?
False
Is 26973490493 composite?
False
Is 10949060699 a composite number?
False
Is 5588412299 composite?
True
Is 232028369 a composite number?
True
Is 1451580701 a composite number?
False
Is 12658793 composite?
True
Is 16346485843 a composite number?
False
Is 374731127 a composite number?
True
Is 23453558537 composite?
False
Is 14987304859 prime?
True
Is 334281817 composite?
False
Is 630417943 prime?
True
Is 7255778269 a prime number?
True
Is 24933779677 composite?
False
Is 49153450517 a prime number?
False
Is 21540059837 a composite number?
False
Is 86864260937 a prime number?
True
Is 12235075667 a prime number?
True
Is 21096011701 a composite number?
False
Is 1592492189 a composite number?
False
Is 604286599 a prime number?
False
Is 12077843051 a prime number?
True
Is 6753239957 a prime number?
True
Is 13977332137 a composite number?
True
Is 75074299 composite?
False
Is 4180349119 a composite number?
False
Is 5985307 a composite number?
False
Is 9353862073 composite?
False
Is 8416689823 a prime number?
True
Is 8530309461 prime?
False
Is 145126013783 a prime number?
False
Is 7689337195 prime?
False
Is 2275799213 composite?
True
Is 5301418177 prime?
False
Is 11261943347 a composite number?
False
Is 743905247 composite?
False
Is 70156613279 a prime number?
True
Is 95308698917 prime?
True
Is 3645404549 composite?
False
Is 691488089 a prime number?
True
Is 75946205549 prime?
True
Is 700071287 composite?
False
Is 338030437 a prime number?
True
Is 57886237951 composite?
False
Is 11863766809 a composite number?
True
Is 6073406939 a prime number?
True
Is 74881489141 composite?
False
Is 2669703779 a composite number?
True
Is 50063126339 a prime number?
True
Is 34364372629 composite?
True
Is 23184546599 prime?
True
Is 1021923053 a prime number?
True
Is 40254193909 a prime number?
True
Is 10200219959 a prime number?
True
Is 2697394303 composite?
True
Is 2241141239 prime?
True
Is 14558764301 a composite number?
True
Is 3329982367 a prime number?
True
Is 235397845645 a prime number?
False
Is 48448824341 prime?
True
Is 1567126993 a composite number?
False
Is 16687420367 prime?
False
Is 42026182607 a composite number?
False
Is 2073441803 a composite number?
True
Is 17243647097 prime?
False
Is 2281393043 a prime number?
True
Is 1530937589 a prime number?
True
Is 4358585501 a prime number?
True
Is 1936829689 composite?
True
Is 10112237659 a prime number?
True
Is 4640021569 composite?
True
Is 4201025011 a prime number?
True
Is 2290894555 composite?
True
Is 14380004683 a composite number?
True
Is 43041623 prime?
True
Is 1069443421 a composite number?
False
Is 500950777 prime?
False
Is 1438108751 a composite number?
False
Is 96504530663 composite?
False
Is 9094269101 a composite number?
False
Is 5715623467 composite?
False
Is 257153833 composite?
False
Is 20657319259 prime?
False
Is 1069434097 a prime number?
True
Is 22720255781 prime?
True
Is 498415943 composite?
False
Is 814041971 a composite number?
True
Is 186989213 a prime number?
True
Is 722313337 a composite number?
True
Is 15351431302 prime?
False
Is 599404607 a prime number?
True
Is 4328893703 a composite number?
True
Is 178888013 prime?
True
Is 4272557461 a prime number?
True
Is 1065546173 a prime number?
True
Is 388448981 a composite number?
True
Is 21416071481 composite?
True
Is 25145152127 a prime number?
True
Is 20566463 a composite number?
True
Is 34682135147 a prime number?
False
Is 1978276381 prime?
True
Is 172982921 a composite number?
False
Is 28938302287 composite?
False
Is 914776939 composite?
False
Is 7885581131 prime?
True
Is 611684797 composite?
False
Is 80388609671 a prime number?
False
Is 330808993 prime?
False
Is 12196063771 a prime number?
True
Is 5449702021 a composite number?
True
Is 10167235789 a composite number?
False
Is 34050609473 composite?
False
Is 3681423751 composite?
False
Is 49121777 a composite number?
False
Is 742921241 prime?
False
Is 3298305289 prime?
True
Is 1275378997 prime?
True
Is 17284558531 a prime number?
True
Is 1217751107 a composite number?
False
Is 14135971 composite?
True
Is 863231989 composite?
False
Is 2402854789 a prime number?
True
Is 32940844261 composite?
True
Is 845714021 prime?
True
Is 1603925761 prime?
True
Is 4332011557 a prime number?
True
Is 77834083609 a prime number?
True
Is 4758565709 a composite number?
False
Is 23604596263 composite?
True
Is 15090566 composite?
True
Is 9853106651 a prime number?
False
Is 3635427937 composite?
False
Is 1094218193 a composite number?
False
Is 15281145161 a composite number?
False
Is 520343563 a composite number?
False
Is 465399479 prime?
True
Is 495547061 composite?
False
Is 40157180131 a prime number?
True
Is 14699414447 prime?
False
Is 1098499009 composite?
False
Is 83547296951 a prime number?
True
Is 18450208081 a prime number?
True
Is 974644465 a prime number?
False
Is 248637005 composite?
True
Is 21947975681 a composite number?
True
Is 17124472223 prime?
True
Is 6297970747 prime?
True
Is 205207313 prime?
True
Is 24322847233 prime?
True
Is 1654531973 a composite number?
False
Is 8967468557 a prime number?
False
Is 643648363 a prime number?
True
Is 15400928219 composite?
True
Is 1377386321 prime?
False
Is 870122149 a composite number?
True
Is 1781557221 composite?
True
Is 9234713 composite?
False
Is 415305949 prime?
False
Is 236991299 a prime number?
False
Is 1390756313 a composite number?
False
Is 18165623027 a composite number?
False
Is 510182831 prime?
False
Is 10823640715 prime?
False
Is 1179617345 a composite number?
True
Is 3704591257 composite?
True
Is 138721054579 a prime number?
False
Is 15224207093 composite?
False
Is 28083739183 a composite number?
True
Is 3012241937 prime?
True
Is 14581076821 composite?
True
Is 577027419 prime?
False
Is 1607230663 composite?
True
Is 6487027 composite?
False
Is 172458579481 a prime number?
True
Is 123092197 a composite number?
False
Is 20430033259 composite?
False
Is 84267742919 composite?
False
Is 176325011 a prime number?
False
Is 4992916553 composite?
False
Is 228698033 a composite number?
False
Is 25496437 composite?
True
Is 4330450351 prime?
True
Is 5768796127 prime?
True
Is 1752967619 prime?
False
Is 15666917093 a composite number?
True
Is 1967063209 a prime number?
False
Is 1342404061 a prime number?
True
Is 28017134734 a prime number?
False
Is 20254187503 prime?
False
Is 9103390993 composite?
False
Is 12470939797 composite?
False
Is 179891779 a prime number?
True
Is 29491291901 a composite number?
False
Is 13749796733 composite?
False
Is 247780619 composite?
False